 to base 13.
131a1
What is -11100100010111100 (base 2) in base 3?
-12221101112
120122101033 (base 4) to base 11
3680783
Convert 1426b4 (base 14) to base 8.
2523706
Convert -51413401 (base 6) to base 11.
-920657
Convert -1322342032 (base 5) to base 14.
-627866
-1071c3 (base 14) to base 13
-16692b
What is 783983 (base 12) in base 8?
7232663
-6a401 (base 15) to base 11
-211278
-441824 (base 11) to base 8
-2541105
What is -86bd6 (base 14) in base 2?
-1001111100111111000
64130 (base 10) to base 3
10020222012
200012100212 (base 3) to base 2
1010111011100111101
6400030 (base 7) to base 15
10412d
Convert -4a3bb2 (base 12) to base 5.
-302201330
4464546 (base 7) to base 6
15512133
1ada3 (base 16) to base 5
12004422
-8d5e2 (base 16) to base 14
-111042
What is -4615531 (base 8) in base 16?
-131b59
What is 553366 (base 7) in base 5?
11103024
-42040421 (base 5) to base 4
-1110203321
Convert -340122244 (base 5) to base 4.
-11223202302
Convert -292415 (base 14) to base 10.
-1427683
What is -1024445453 (base 6) in base 14?
-162a505
-22211210121 (base 3) to base 11
-10987a
What is 304731 (base 8) in base 3?
12010022021
Convert -2230151 (base 7) to base 4.
-1003123220
-16474a (base 13) to base 10
-552692
10333123 (base 4) to base 10
20443
72c09 (base 14) to base 9
461572
Convert 6b5a48 (base 13) to base 10.
2554664
1409394 (base 10) to base 16
158172
What is -3310122 (base 7) in base 3?
-202121200220
1103107 (base 9) to base 12
247051
What is -405030 (base 7) in base 12?
-33ab0
-3510221 (base 7) to base 9
-738778
1243406 (base 7) to base 4
213210302
5347 (base 9) to base 12
2337
Convert -311214220 (base 5) to base 10.
-1273060
7113435 (base 8) to base 13
507ac3
Convert 41553 (base 15) to base 14.
55674
What is 1775a6 (base 13) in base 14?
1141c0
Convert -1098905 (base 10) to base 8.
-4142231
Convert -3e232 (base 16) to base 4.
-332020302
Convert 121101200121010 (base 3) to base 5.
4212312233
Convert 1300342331 (base 5) to base 15.
41e82b
Convert 7725324 (base 8) to base 15.
2aedb8
Convert -1a6a811 (base 12) to base 14.
-a63101
-1b1590 (base 12) to base 15
-97109
Convert -268024 (base 15) to base 10.
-1849534
What is -62938 (base 12) in base 4?
-133202330
Convert -7167052 (base 8) to base 3.
-10120022210102
Convert 1469934 (base 12) to base 11.
2366423
What is 1149415 (base 10) in base 3?
2011101200221
What is -402434414 (base 5) in base 2?
-110001000110000011110
Convert -2212100022 (base 3) to base 5.
-3301014
Convert 130045310 (base 6) to base 5.
1121311202
Convert -ad768d (base 14) to base 2.
-10110011111111110101101
-187aba (base 15) to base 12
-494aa1
2432200214 (base 5) to base 6
323013124
-101780 (base 11) to base 12
-7a619
Convert -645044 (base 7) to base 4.
-123121001
Convert d26 (base 14) to base 9.
3478
-501cc0 (base 13) to base 12
-758a66
Convert -211012100102 (base 3) to base 14.
-b532d
What is bb18b (base 15) in base 10?
594356
-34024333 (base 5) to base 8
-1107336
12130211012 (base 4) to base 8
6344506
12225062 (base 7) to base 5
240132031
Convert 6026174 (base 8) to base 7.
16315545
100345421 (base 7) to base 12
1b4bb68
50314 (base 9) to base 4
20010211
Convert -89e4 (base 15) to base 2.
-111001000110111
Convert 36ac4 (base 14) to base 6.
2511352
Convert -2310411142 (base 5) to base 13.
-10c0006
What is 295ab8 (base 13) in base 6?
33411153
What is -3421325 (base 9) in base 11?
-104a9a2
18d9 (base 14) to base 2
1000110010111
What is -1034b75 (base 15) in base 16?
-b05eb9
Convert -269732 (base 10) to base 2.
-1000001110110100100
-199a643 (base 11) to base 8
-14657730
What is -a4683 (base 13) in base 12?
-123027
What is -3d2b20 (base 14) in base 5?
-1020324202
Convert 103595a (base 11) to base 10.
1823293
What is 40353 (base 6) in base 14?
1d25
10115376 (base 8) to base 16
209afe
What is -22cd6e (base 15) in base 11?
-a3691a
What is -20001122011111 (base 3) in base 10?
-3220843
Convert 1000001010000000110101 (base 2) to base 16.
20a035
27b49 (base 13) to base 4
102022311
-132353 (base 10) to base 11
-90491
What is -20013045 (base 7) in base 13?
-45a374
-6d258 (base 15) to base 13
-c2615
Convert 3c7c04 (base 14) to base 15.
2b60a3
Convert -11748145 (base 9) to base 15.
-78b9bb
Convert 1100000111111010001 (base 2) to base 10.
397265
What is 6515164 (base 9) in base 5?
1343303421
What is -110110101001110011100 (base 2) in base 10?
-1790876
Convert 263053 (base 8) to base 6.
1544255
What is 535327 (base 8) in base 14?
492ab
10985c0 (base 13) to base 10
5102435
Convert -5031 (base 15) to base 10.
-16921
-15525336 (base 7) to base 15
-1ea2c9
What is -5638370 (base 9) in base 12?
-1025860
Convert -159a79 (base 11) to base 4.
-330123223
Convert 1760042 (base 9) to base 11.
612487
What is 22a238 (base 16) in base 3?
11021022111220
18996 (base 12) to base 6
434310
What is 100021200120 (base 3) in base 16?
2c9df
a3a94 (base 13) to base 10
294012
Convert 16633305 (base 7) to base 10.
1638663
What is 21311204 (base 5) in base 15?
38e1e
Convert -20992 (base 12) to base 11.
-2a240
What is 220100122011 (base 3) in base 11?
2a8213
-1101101100010100001101 (base 2) to base 6
-204533313
What is 167359 (base 10) in base 4?
220312333
13323332 (base 5) to base 14
3784c
What is -42010043 (base 5) in base 8?
-1240516
What is -51a15d (base 14) in base 8?
-12405267
What is -181a118 (base 11) in base 5?
-1242304220
460235 (base 9) to base 15
56a8b
What is 9dd0 (base 14) in base 12?
13a56
What is 7a663 (base 13) in base 16?
36710
What is 1a856d (base 15) in base 5?
312400403
-18417671 (base 9) to base 8
-43322533
What is 45ebe7 (base 16) in base 6?
242114411
3806a (base 16) to base 7
1644021
Convert -124e8 (base 16) to base 12.
-37488
2489823 (base 10) to base 7
30106650
What is -111011101000110110101011 (base 2) in base 11?
-8908a28
2200234 (base 5) to base 14
d997
What is -322455523 (base 6) in base 10?
-5730891
403420 (base 5) to base 11
9835
What is -7b7a3 (base 15) in base 2?
-1100000000000001100
Convert -4a789 (base 12) to base 6.
-2101053
2213410123 (base 5) to base 12
1748767
What is -10010000001111110101 (base 2) in base 4?
-2100033311
What is -10111110111011110 (base 2) in base 5?
-11112013
83666 (base 15) to base 7
3353331
Convert 121ac (base 16) to base 13.
279a4
What is 1321430211 (base 5) in base 15?
4561db
What is 326b1 (base 14) in base 4?
131303103
-2056 (base 12) to base 5
-103042
Convert 256214 (base 8) to base 4.
111302030
Convert -12242131 (base 6) to base 8.
-1402347
Convert 3d7db (base 15) to base 7.
1451615
-2043131 (base 6) to base 7
-562132
What is -73cc7 (base 13) in base 2?
-110010111101000101
What is 14036 (base 12) in base 4?
12300222
Convert -3066455 (base 7) to base 16.
-5a3ef
Convert 406da5 (base 14) to base 2.
1000010001111001010101
Convert -554a0 (base 12) to base 3.
-12202000210
What is -1240033 (base 5) in base 10?
-24393
What is -1230232232 (base 4) in base 5?
-103222413
Convert -1011000001111001 (base 2) to base 14.
-1266d
Convert -b7240 (base 12) to base 2.
-111010101110010000
14761a (base 15) to base 8
3607373
What is 101322322 (base 4) in base 8?
217272
512633 (base 8) to base 15
352b6
-714053 (base 10) to base 14
-14831b
What is -1000111010100101101101 (base 2) in base 7?
-25602541
What is -887a71 (base 16) in base 9?
-17742165
What is -1007576 (base 9) in base 7?
-4364436
Convert 102212222110 (base 3) to base 6.
5003150
What is -1347701 (base 11) in base 9?
-4331143
Convert -292207 (base 11) to base 2.
-1101111100001001110
What is -122525 (base 10) in base 8?
-357235
3527bc (base 13) to base 16
134350
Convert -39793 (base 12) to base 14.
-20a63
Convert 329847 (base 12) to base 5.
201222402
What is -78683 (base 12) in base 4?
-213003003
What is -2221101110210 (base 3) in base 11?
-977aa9
bcbb3b (base 15) to base 14
12a3db3
402343144 (base 5) to base 8
6100641
813307 (base 12) to base 6
111122011
Convert 424031122 (base 5) to base 4.
12303113313
Convert 1100000001011110001 (base 2) to base 5.
100101334
458b7b (base 16) to base 12
1639677
What is -1470919 (base 10) in base 11?
-91513a
-228512 (base 11) to base 7
-3040201
What is 600075 (base 9) in base 2?
1010110100000111010
Convert 320214440 (base 5) to base 6.
44343232
-31246231 (base 7) to base 13
-7129b4
42365b (base 12) to base 4
3332213213
Convert -2161413 (base 7) to base 8.
-